+ -1
-9
Calculate -5 - (24 - (38 + 2)).
11
Calculate -16 + -19 + 36 + 1.
2
What is the value of (1 - 0) + (-2 - -1 - -4)?
4
Evaluate -33 - (2 + -9 + -30 + 35) - -7.
-24
Evaluate -4 + 8 + -18 + 5 + -29.
-38
What is 10 - ((1 - -5) + -3 + -3 - -2)?
8
What is 4 - 6 - (3 + 1 + -6 - 2)?
2
Calculate (13 - 22) + 40 + -60.
-29
Evaluate 3 + (-4 - 6) + 20 + 6.
19
What is 7 - -1 - -6 - 26 - -5?
-7
What is 55 + -4 - (26 - -2)?
23
Evaluate 4 - -1 - ((1 - -42) + (52 - 62)).
-28
Evaluate -20 + 22 + -32 - (1 - 16).
-15
What is -10 - (-6 + 18 + -16) - -1?
-5
What is -3 - -8 - (10 + 0 + -207 + 222)?
-20
What is (-57 - (-33 - -7) - 10) + 1 + 9?
-31
Evaluate 5 + (-6 + 3 - (-10 - 5)).
17
What is -6 - -1 - ((34 - 17) + -10)?
-12
What is 18 + -16 + (4 - -1) - (-7 + 7)?
7
20 + -23 + 10 + -5
2
What is -6 + -1 + 12 + -6 + -11?
-12
Calculate -31 + 21 + -55 + 33.
-32
(-2 + 2 - (1 - 4)) + (47 - 64)
-14
Calculate (6 - 1) + (72 - 87) + -3.
-13
Evaluate -13 + (15 - (-14 - -23)).
-7
4 - (25 - -6) - (25 + -8 + -24)
-20
(1 + -17 + -2 - -7) + -2 + 25
12
Evaluate -2 + (26 - (3 - 0)) + (87 - 95).
13
Calculate (18 - 1) + -6 + -27.
-16
Evaluate 52 + -127 + 69 - (-1 + 17 + 0).
-22
Evaluate 27 - (41 - (37 - 2)).
21
What is the value of -10 + 1 + -3 - (203 + -216)?
1
What is -30 - (13 - -15 - 50)?
-8
Calculate 21 - (38 - (-19 + 17)).
-19
What is the value of -10 - (33 + -22 + 2)?
-23
(1 - (0 - -11) - -13) + -7
-4
321 - 310 - (-10 + -2 + 2)
21
What is the value of (10 + -14 - -6 - 2) + 8 + 1?
9
What is 10 + 1 - (-642 - -659) - (1 + 1)?
-8
Evaluate 18 + 6 + 1 - 18.
7
What is the value of (-1 - 11) + 59 + -40?
7
-10 - -5 - ((0 - -2) + 4 + 1)
-12
What is -7 + -11 - -10 - -1?
-7
3 + -7 + (1 - (-8 + 0))
5
Evaluate -11 + (-6 + -15 + 11 - 3).
-24
Calculate 12 - (2 + 3 + (42 - 11)).
-24
What is the value of -10 - (-19 + 7 + -10 + -2)?
14
Calculate 16 - (5 + -39 + 13).
37
Calculate -7 + -9 - -33 - 28.
-11
-8 + (12 - (-16 + 16))
4
What is -10 + -8 + 2 + (4 - -2) - -5?
-5
What is 8 + (-6 - (-12 + 19) - (-3 + -1))?
-1
Calculate (3 - -4) + (-7 - (-5 - 2) - 1).
6
(-11 - 3) + 14 + 12 + -3
9
1 + (-25 - -11 - -5)
-8
What is -23 - (8 + -23 + 22 + 8)?
-38
Calculate 6 - 1 - (24 + -7 + 3).
-15
15 + (-6 - 10 - 4 - -15)
10
What is the value of 6 + 2 - (9 - 2 - 7)?
8
What is -13 + 2 + 7 - -4 - (13 - 2)?
-11
-23 - (8 + -11 + -13) - (-1 + -1)
-5
What is the value of 0 - 3 - (-9 + -5 + 10) - 13?
-12
What is 0 - 5 - (23 - 49)?
21
What is the value of -11 - -25 - (12 - 9)?
11
4 + (10 - 2) + (1 - 13)
0
Calculate -2 + (5 + -19 - -36).
20
What is 1 + -2 + (-20 - -24) + -12?
-9
Evaluate 14 + -20 + -3 - -22.
13
-18 - (-2 + -5) - (-22 + 16)
-5
Calculate -18 + 17 - 17 - -5.
-13
Calculate (54 - 56) + (-4 - (1 - 6 - -12)).
-13
(1 + 0 - (19 - 25)) + -22 + 37
22
What is ((-13 - -17) + (6 - 0) - 4) + 1?
7
Evaluate (0 - 4) + 11 + -17 + 4 + 5.
-1
9 + -11 - (1 - 1) - 5 - -18
11
Calculate (-1 - -3 - (24 - (20 - 11))) + -6.
-19
Calculate -1 + -7 - (-58 + 77 - (0 - -51)).
24
What is 0 + (-4 + 10 - 15)?
-9
Evaluate 0 + 2 + 2 + (-1 + -7 - -6).
2
Evaluate (22 - -1) + (94 - 104).
13
Evaluate -314 + 277 + (0 - -19).
-18
Calculate -8 + (-1 - 5 - (-37 + 14)).
9
Evaluate 28 + 5 - ((0 - -7) + (-1 - 1)).
28
-9 + (-11 + 11 + (-5 - -2) - -9)
-3
-8 - (4 + 1 + (-128 - -121))
-6
13 + -17 + -8 + -10
-22
What is -2 - (-24 + 21) - -13?
14
18 + (20 - (49 - 27))
16
Evaluate (-10 + 3 - -9 - -15) + -1.
16
Evaluate -1 + (-5 - -6) + (2 + -1 - 1).
0
-4 + 3 - (-11 + 2 + 5)
3
Evaluate -11 - (-30 - -2) - 10 - (0 - -21).
-14
What is the value of (-1 - 13 - -18) + -12?
-8
What is the value of -36 - (7 + 0 + (-174 - -153))?
-22
Calculate (1 - (10 - -1)) + (-70 - -113 - 27).
6
Calculate -10 - (-8 - 3 - (-23 - -12)).
-10
Evaluate -25 + -1 + -243 + 288.
19
Calculate -34 - (-23 - (-23 - -19)).
-15
What is -5 - (-10 + 0 - (-20 - -2))?
-13
Calculate -75 + 109 - (19 - -6).
9
What is 27 + (20 - 69) - -43?
21
Evaluate 3 - (1 - 0) - (-49 - (14 + -64)).
1
0 - 8 - 0 - 5
-13
Calculate (-3 - (4 + (-10 - -9))) + (0 - -2).
-4
Evaluate 4 + -3 + (5 + -4 - 0) + 4.
6
What is the value of -2 - 3 - -4 - (-9 - (1 - 1))?
8
Evaluate -1 + 0 + (-6 - (-7 + 2 + 7)).
-9
What is the value of (0 - -11) + (42 - 40)?
13
Evaluate 17 - (28 + -17 + -9).
15
What is the value of -481 + 448 + 57 + 0?
24
What is (-12 + 6 - (3 - 8) - -7) + 10?
16
Calculate 23 + (-59 - (19 - 35)).
-20
What is the value of (-2 + 24 - 2 - (3 + 2)) + -3?
12
(-36 - (-64 + 41)) + 3 + 1
-9
(-1 - -1) + 11 + -5
6
Evaluate 32 + (10 + -21 - -10 - 12).
19
Calculate -2 + -15 - (-222 - -180).
25
-12 + -17 + 3 + 15
-11
What is the value of (-4 + -9 + 16 - 20) + (2 - -1)?
-14
Calculate (14 + -7 - 1) + 0 + (-2 - -3).
7
Calculate 4 + -7 + -4 - (-6 - (8 + -6)).
1
(-3 + -1 - -3 - -11) + -8
2
Calculate 8 + (-12 + 11 - -3 - 8).
2
What is the value of (3 - 2) + 12 - (99 + -94)?
8
Calculate 55 - (12 - -13) - 55.
-25
What is the value of -509 - -520 - (-4 + -4 + 0)?
19
Evaluate 22 + 1 + -5 + (-16 - -9 - -6).
17
Evaluate (2 - (-46 - -91 - (10 - 0))) + 10.
-23
What is (371 - 375) + -1 + 2 + 0?
-3
Calculate (-2 + 0 - 0) + (3 - -4).
5
24 - (24 + -4) - (3 - -31)
-30
What is 11 - 13 - (-1 - (-5 + 7))?
1
What is the value of -13 - (-3 - -3) - (803 + -802)?
-14
Calculate 2 - (6 + (5 - (15 - -4) - -4)).
6
(1 - -1 - 2) + -4 + 5 + -2
-1
Evaluate -34 - -19 - -20 - 16.
-11
What is the value of 37 + -38 + (24 - 5)?
18
What is 0 + 2 + -72 + 67?
-3
13 + -7 + 4 + -5 - (-13 - -10)
8
Evaluate -20 - (18 - (10 + 29)).
1
What is -5 + (38 - 9) + -41?
-17
What is the value of (29 - 32) + 13 + 0 + 7?
17
Calculate -23 - (-17 + 12) - -3.
-15
Evaluate 13 + 3 + 4 + 2 + -3 + 0.
19
What is the value of -6 + 5 - (-5 + 5)?
-1
Evaluate -19 + 2 - ((-44 - -15) + 24).
-12
Evaluate (10 - 18) + 29 + -5.
16
What is the value of -13 - 3 - (-3 + -9)?
-4
-58 - -17 - (9 - 17)
-33
Evaluate -10 - (94 - 91 - (1 + 6)).
-6
Evaluate -39 + 79 + -25 + (0 - -8) + 1.
24
What is (5 - 7) + 9 + 2 + -8?
1
What is the value of 0 - 34 - (677 - 691)?
-20
Calculate -9 - (0 + 1) - (22 + 7 + -38).
-1
What is the value of 6 - (2 + 13 + -3)?
-6
What is the value of -26 - (-2 + 15) - -26?
-13
(-17 - (-20 + -13)) + -19
-3
What is -5 + (1 - 4 - -4) + -4 + -2?
-10
16 + (-36 - -21) + 11
12
26 - ((44 - 36) + -1 + 2 + 1)
16
5 + -13 + 21 + -17
-4
What is -25 + 0 + -2 + 98 + -83?
-12
Calculate 8 + -25 + 13 + -7 + -2.
-13
(1 + 36 - (367 + -353)) + (1 - -9)
33
What is the value of -1 - (-2 - (-16 - (-7 - 0)))?
-8
What is the value of (-361 - -342) + -3 + (1 - -1)?
-20
Calculate -15 - (0 - (-13 - (7 - 17) - -9)).
-9
Calculate -30 + 17 + 2 + 2.
-9
What is the value of (4 - (0 + 0 - 2)) + -3 - 10?
-7
What is (3 - (-1 - -16)) + -1 + 3?
-10
What is the value of 40 + (-47 - (1 - 24))?
16
Calculate (8 - (0 + 3)) + -3 + 4 + 5.
11
What is 0 + 0 + 4 + (-23 + 13 - -8)?
2
Calculate (17 + -11 - -5) + -26.
-15
Evaluate -55 + 30 + (-28 - -28).
-25
What is (-1 - (8 - 7 - 3)) + -2 + -13?
-14
-2 + 6 + 3 + -4 - -6
9
(-4 - -10 - -2) + -10 - (2 + -11)
7
(3 - (-11 - (-10 - -4))) + (35 - 17)
26
Evaluate 4 - (0 + 4 + 2 + 1 + 15).
-18
-9 - (-22 + 5) - (5 - -2) - 13
-12
Evaluate 9 - (17 + 9) - (-4 + -2 - 2).
-9
What is the value of (-12 - -5 - (-7 - -2)) + (1 - 32)?
-33
Evaluate 20 - ((-29 - -26) + 3 + 5 + 1).
14
-8 + (3 + -2 - (-20 + 17))
-4
Evaluate 18 - 9 - (-84 + 83).
10
What is the value of (-3 - (-3 + 0)) + -6 - (-1 - 16)?
11
Evaluate -203 + 196 + (13 - 1).
5
What is -2 + (3 - -5 - (-1 + -2)) + -13?
-4
What is the value of 1 + -4 + (18 - ((28 - 14) + 0))?
1
Evaluate -63 + 50 - (1 + -8).
-6
4 - -1 - (-1 + 22 - (-105 - -111))
-10
What is the value of (-8 - -31) + -32 + -6?
-15
Evaluate -15 + 8 + -1 + 1.
-7
Calculate (-11 + 5 - 5) + 21.
10
What is -9 + 3 - ((6 - 8) + -3)?
-1
2 + 4 + 1 - (20 - (-2 + 5))
-10
(6 - 12) + 28 - 9
13
12 + -4 + 29 + -30
7
What is -1 + 0 - (4 - -20 - 13)?
-12
Calculate (10 - 9) + 5 + (3 - 5 - 8).
-4
Calculate 5 + 13 + -29 + 23.
12
Evaluate 20 + -1 - 41 - -29.
7
What is the value of 1 + -3 + 2 + 46 + -49?
-3
Calculate 8 + (4 - 1) - 6 - (-1 + -5).
11
Evaluate (-70 - -32) + 44 + -3.
3
Evaluate (1 + -20 - 9) + -2 + 4 + 2.
-24
26 + -54 + 19 - -32
23
What is the value of 8 - (7 - 2) - (14 - -6)?
-17
Evaluate -11 + 15 + -15 - -16.
5
(-2 - 0) + (25 - (9 - 4) - 10)
8
Calculate 13 - (-1 + 11 - 2).
5
-175 - -179 - (3 - -2)
-1